+ -2) composite?
True
Let j = 205 - 198. Suppose j*q - 4*q = 37809. Is q a prime number?
False
Suppose -4*w - f - 9229 = 0, 2*w - 5*f = w - 2323. Let i = 855 - w. Is i a prime number?
True
Suppose -2*o + 4*b + 84622 = 0, -126999 = -3*o + 30*b - 35*b. Is o composite?
False
Let h(y) = -28*y - 179. Let z be h(-34). Suppose -3*f + 2331 = -3*o, -7*f + 2*o = -6*f - z. Is f composite?
True
Let z = -172 + 161. Is (1/(-2))/(z/10846) prime?
False
Suppose -96*l = -100*l + 21180. Suppose 4*j - 5907 = -2*k - 1673, -5*j = 2*k - l. Is j a prime number?
True
Let n = 288005 + -152704. Is n a prime number?
True
Let c(q) = 17*q + 75. Let h be c(-4). Suppose -149546 = -30*x + h*x. Is x a prime number?
False
Let p(x) = -x + 3. Let h be p(3). Let v(u) = 16*u + 1394. Let g be v(-87). Suppose -2*w - 4*j + 643 + 59 = h, g*j - 710 = -2*w. Is w prime?
True
Let y(m) = -2914*m - 851. Is y(-48) composite?
False
Suppose 350 = 5*f - 4*g, 3*g + 279 = -f + 5*f. Let d = f + -62. Suppose d*u - 732 = 1264. Is u prime?
True
Let p be 2468 + -3 + 4 + 3. Let d = 337 - p. Let u = d + 3214. Is u composite?
True
Let v(w) be the second derivative of 95*w**3 - 33*w**2/2 + 2*w - 35. Is v(6) composite?
True
Suppose -5*x - 5*z - 17 = -47, 2*x - 21 = z. Let g(b) = 15*b**2 + b - 53. Is g(x) a composite number?
False
Let x(b) be the first derivative of 230*b**3/3 + 3*b**2 + 5*b - 30. Let d(j) = j**3 + 3*j**2 + 2*j - 2. Let z be d(-2). Is x(z) prime?
False
Let p = 130 - -2231. Let b = p - -358. Is b prime?
True
Let s(r) = -2*r**2 + 22*r - 18. Let o be s(10). Suppose -f = -p + 9693, -o*f + 0 - 8 = 0. Is p prime?
True
Is -1 + (16 - 10) + 108501 + -1 composite?
True
Let s(b) = 368*b - 2979. Is s(34) composite?
False
Let d(o) = -6*o - 23. Let x be -1 + -10 + 21/(-21). Let t be d(x). Suppose -t = -w - 10. Is w composite?
True
Let r = -12 + 16. Suppose r*u = -4*k + 592, -3*k + 2*k = -u - 140. Suppose b = 899 + k. Is b a composite number?
True
Suppose -3*h - 9 = -i + 10, -h = -3*i + 25. Suppose 4*p - i*p + 3198 = 0. Let c = 1855 - p. Is c composite?
True
Suppose -4*z - x + 48623 = 0, -5*z - 5*x + 89895 = 29135. Let n = z - 8498. Is n a composite number?
False
Suppose 184*t - 10079818 = 7014552 - 2704466. Is t a composite number?
True
Let y(m) = 9*m**3 + 2*m**2 + 2*m + 1. Let x be y(-1). Let b = x + -4. Is (-4)/3 + (-2860)/b a prime number?
False
Suppose -4*k + 2*k + 3*j = -12, 2*j + 7 = k. Suppose -k*l + 211 = 3*p - 32, -l - 324 = -4*p. Let q = 83 - p. Is q prime?
True
Let l(m) = 6 + 5*m**2 + m**3 - 27*m + 53*m - 27*m. Let k be l(-5). Suppose -k*w + 58623 = 7528. Is w composite?
True
Let r be (4 - 2 - -4) + (-16 - -12). Let a = -3873 - -7810. Suppose r*o - 166 - 2783 = -3*x, -o + a = 4*x. Is x a composite number?
True
Suppose 0 = 4*t - 2*h + 6*h - 1164, 3*t - 866 = 4*h. Is 52*(2/(-6) + t/24) prime?
False
Is 51637/(-5*12/390 + (-15)/(-13)) a composite number?
False
Let h be (484/3)/11 - (-1)/3. Let l = h - 13. Suppose l*r = -2*n - n + 151, 4 = -4*r. Is n a composite number?
True
Let r(z) = z**3 - 32*z**2 - 13*z + 12. Let d be r(-25). Let t = -10557 - d. Is t a composite number?
True
Let y be -15 - -2576 - (-3)/(-1). Suppose 2*l - 2*w - 6550 + y = 0, 4001 = 2*l + w. Let j = l + -1160. Is j prime?
True
Let u be ((-582)/5)/(6/(-30)). Suppose 3*d - u = -s, 5*s - 4*d - 1786 = 1067. Is s a composite number?
True
Suppose 0 = 5*r, 4*j = 5*r - 72 + 404. Suppose -87*d = -j*d + 24. Is (3/d)/(1/(-1490)) prime?
False
Let k be (4/(-6))/((-1)/3). Is (264/6)/k*(-92)/(-8) prime?
False
Let a(v) = 247337*v - 2258. Is a(5) composite?
True
Suppose 4*s = 5*u + 1, -29*s - 4*u - 7 = -26*s. Is (-15779)/(-1)*(1 - s - 1) composite?
True
Suppose g - 1553133 = -5*r, 332*g - 328*g = -8. Is r a prime number?
True
Is 37117*(160/60*3 - (1 + 2)) a composite number?
True
Let f be -4 - (38/(-4))/((-4)/(-8)). Suppose -8367 = -f*i + 12*i. Is i a composite number?
False
Let l(w) = 235*w**2 + 191*w - 2489. Is l(13) a composite number?
False
Let d be 102/27 + (-4)/(-18). Suppose d*s - 16*s = -7476. Is s a prime number?
False
Let w(r) = 53*r**2 + 2*r + 53. Let k be w(13). Suppose 4*b - 4600 - k = 0. Is b prime?
False
Suppose 2*j = 6*j - 16. Suppose 13252 = j*f - 4*x - 16800, -30040 = -4*f + x. Is f composite?
True
Let f be (-1198)/(-31747) + (-27403)/53. Let z(t) = 2736*t**3 - t**2 + t. Let b be z(1). Let o = b + f. Is o prime?
False
Let c(d) = 453*d + 48. Let i be c(-4). Let f = i - -5057. Is f a prime number?
False
Let t = -50 - -57. Let a(v) = v**3 - 6*v**2 - 2*v - 12. Let k be a(t). Suppose k*o = 22*o + 1189. Is o a composite number?
True
Let l(d) be the first derivative of -d**4/4 - d**3/3 + 10*d**2 - 3*d - 6. Suppose -s + 35 = -4*y, s + 18 = -5*y - 37. Is l(y) a composite number?
True
Let r be 2 - ((-4)/(-4) + 1). Let k be (-2)/10*(-30)/12*4. Is r - ((-1638)/4 - k/(-4)) prime?
True
Let q(d) = -d**3 - 6*d**2 - 4*d - 2. Let x be q(-6). Suppose 0 = -x*l + 11*l + 20317. Is l a composite number?
False
Let n = -194 + 138. Let v = n + 54. Is v/9 - (-5818)/18 prime?
False
Let b = -137922 + 377693. Is b a composite number?
True
Let x be (-860897)/(-534) - 1*1/6. Let j = 2381 - x. Is j a composite number?
False
Let c(h) = 188*h - 442. Let i be c(5). Let k = 737 - i. Is k composite?
False
Suppose -11185596 = -91*v + 700642. Is v a prime number?
False
Suppose 4*s = 5*r + 19, 4*s - 24 = -0*s + 4*r. Suppose 3 = 2*g - g - 3*n, s = -g - 4*n. Is ((-9)/(-6))/(g/(-194)) prime?
True
Let x(c) = c**3 - 30*c**2 - 32*c - 61. Let t = -157 + 193. Is x(t) a composite number?
False
Let s(b) = 2598*b - 62. Let g(y) = -y + 3. Let j(q) = 3*g(q) + s(q). Is j(6) a composite number?
True
Let j(p) = -193*p + 77. Let b be j(-14). Suppose 0 = -49*i + 42*i + b. Is i prime?
True
Suppose -4*o = -2*y - 4187418, 5*o + 35*y = 40*y + 5234270. Is o a prime number?
False
Let k(j) = 3109*j**2 + j + 1. Suppose 29 = -4*n + 25. Is k(n) a prime number?
True
Let z(j) be the third derivative of 13*j**5/15 + j**4/6 + 35*j**3/6 + j**2 + 5. Is z(-9) a prime number?
True
Suppose 0 = m - 4 - 12. Suppose -2*f + 4*o + 2 = 10, -f - 2*o + m = 0. Let p(c) = 12*c**3 - 10*c**2 + 13*c - 1. Is p(f) a prime number?
True
Let m(x) = 6*x**2 - x + 3. Let w be m(4). Suppose 5*y + 4*s + w = 0, -3*y - s - 65 = y. Let h(j) = 12*j**2 + 8*j + 35. Is h(y) composite?
True
Let m(s) = 19779*s**2 - 188*s + 566. Is m(3) composite?
True
Let m = -561 - -557. Is 152170/(m + 3 + 3) composite?
True
Is (2/6*-44615)/((-2)/6) - 0 composite?
True
Suppose 30*t + 2130329 - 4452347 = 3329772. Is t a prime number?
False
Suppose -x + 2*x - 5*v - 40 = 0, 4*x - 88 = 2*v. Suppose 4*t = -x - 28. Is ((-307)/2)/(2/t) prime?
False
Let g(x) = 11*x + 55. Let c be g(-5). Let b(z) = 2*z**2 - 3*z - 3. Let i be b(c). Let l(k) = 280*k**2 + 2*k + 7. Is l(i) a prime number?
True
Let t = -64 + 66. Let i(v) = -v**3 + 3*v**2 - 4. Let b be i(t). Suppose -12*x + 14*x - 2638 = b. Is x a prime number?
True
Let q be 15/3 + (-1)/5*-66485. Let l = q + -6541. Is l a composite number?
False
Let c(p) = -p**3 + 6*p**2 + 6*p + 9. Let r be c(7). Suppose q = u - 1897, -5*q - 3125 = -r*u + 657. Is u a prime number?
True
Let o = 117492 - -146021. Is o a prime number?
True
Is (-12)/((-24)/6) - (-54887 - -3) a composite number?
True
Let m = -42 + 1482. Let r = m - 22. Is r a prime number?
False
Suppose -96*o + 81980085 = 69*o. Is o a prime number?
True
Let f(h) = 116*h**2 + 27*h - 66. Let n(d) = -58*d**2 - 13*d + 34. Let q(p) = 3*f(p) + 5*n(p). Is q(3) a prime number?
False
Let k(r) = -129*r**3 + 3*r**2 - r - 3. Suppose -6*t - 6 = -3*t. Is k(t) a prime number?
False
Suppose -4*a - 131820 = -4*x, -x + a = 2*x - 98871. Let y = x - 17987. Is y composite?
True
Is ((-6)/24 + (-25)/(-20))*103723 a composite number?
False
Suppose -29*g = -22*g - 21. Suppose 1 = 5*w - 9, g*v - 7105 = 4*w. Is v prime?
True
Suppose 61*t + 1171981 = 6381749 + 7414609. Is t prime?
False
Let l = 26 - 17. Let g(w) = w - 5. Let n be g(l). Suppose 0 = -4*b - 4*v + 48, b + 61 = 6*b + n*v. Is b a composite number?
False
Suppose -585*j + 582*j = -5382987. Is j prime?
False
Let w(u) = -1. Let f(v) = 8626*v**2 - 46*v - 92. Let t(j) = f(j) + 5*w(j). Is t(-2) a prime number?
True
Suppose 98051 = 5*l - 4*r - 51846, -3*l = 2*r - 89925. Is l composite?
True
Let d(a) = a**2 + 57*a - 126*a - 68*a**3 - 3 + 635*